v be 52*2*(-2)/(-8). Calculate the highest common factor of v and k.
13
Suppose -82*h - 66 = -84*h. Suppose -h*a = -27*a - 3774. Calculate the highest common divisor of 34 and a.
17
Let v be (-44)/(-8) + 1 + (-9)/(-6). Suppose 2*o - 192 = -o. What is the highest common divisor of o and v?
8
Suppose -5*z = 20, 0*a - a - 4*z - 38 = 0. Let q = a + 21. Let r be q/((-1)/(40 - -4)). Calculate the greatest common divisor of r and 4.
4
Let s be 3 + 4 + (0 - -3). Suppose -159*j + 12332 = -10723. What is the greatest common factor of s and j?
5
Let o be 2/(-7) + 54/42. Suppose -8*c + o - 33 = 0. Let i(b) = -9*b. Let n be i(c). Calculate the highest common factor of n and 24.
12
Let c be (-2 - 12)/(1*3/3). Let q be 31 + c - 3/(-3). Calculate the highest common factor of 162 and q.
18
Suppose 17267*n = 17248*n + 8094. What is the greatest common factor of 192 and n?
6
Suppose 3*f = 2*k + 881, 0 = 8*f - 3*f - 5*k - 1460. Suppose 5*s = -3*c + 4*c + f, 0 = -4*s + 2*c + 234. What is the highest common factor of s and 15?
15
Let d = 535 + -459. Suppose -5*f + 346 - 74 = -2*v, -2*f - 5*v = -132. Let b = d - f. What is the greatest common divisor of 30 and b?
10
Let j be -8 + -15*70/(-21). What is the highest common factor of 498 and j?
6
Suppose -2*s + 74 = -4*z + 432, 5*z = 2*s + 448. What is the highest common factor of 250 and z?
10
Let o be 1 + -3 - (2 - -1) - -311. Calculate the highest common factor of o and 4386.
102
Let l = -1 - -4. Suppose -l*k + 2*t - 35 = 0, -k = -2*k - 4*t + 7. Let p be (-2)/3 - 33/k. Calculate the highest common factor of p and 6.
3
Suppose a - 236 = -4*r, 0 = -4*r + 3*a - 478 + 698. Calculate the highest common factor of 5858 and r.
58
Let t(f) = -f - 1. Let m be t(-5). Suppose m*u = 2*g - 2, -2*u + 0 = -2. Let s be (-255)/(-20) + g/12. What is the highest common factor of 65 and s?
13
Let f(y) = 72*y + 60. Let n be f(-6). Let x = 264 + n. Let m = 154 + x. What is the greatest common factor of m and 115?
23
Let y = 3 - 1. Suppose y*g - 4 = 3*h, -h + 5*g = -0*h - 16. Let s = h + 7. What is the highest common factor of 3 and s?
3
Suppose 33 = 8*z + 25. Let j be z/(-16) + (-26961)/(-528). Calculate the highest common factor of j and 34.
17
Suppose -5*n = 40*n. Suppose n = -u + 3*j + 18, 7*u - 5*j = 2*u + 50. Suppose -b - 13 = -55. What is the greatest common divisor of u and b?
6
Let h = 15404 - 13487. Calculate the highest common factor of 497 and h.
71
Suppose 5*m - 3647 = -4*b, 4*m - 4*b + 829 = 3761. Suppose 3*c - 6*y = -y + 577, 4*c = -y + m. Calculate the greatest common divisor of 16 and c.
8
Let p be (30/(-10))/((-3)/2). Suppose -p*r = -123 - 81. Suppose 74*f - 73*f = 17. Calculate the highest common factor of r and f.
17
Suppose -14887 = -15*d + 12338. Calculate the greatest common factor of 15 and d.
15
Let k(d) = -d**3 + 5*d**2 + 8*d + 2. Let x be k(6). Let w = x + 5. Let y be ((-30)/4 - 2)/((-45)/360). What is the greatest common divisor of y and w?
19
Let a = 3798 - -23272. Calculate the greatest common divisor of a and 10.
10
Let f(t) = -17*t - 3. Let a be f(-2). Suppose 649*s + 168913 = 285836 + 386052. What is the greatest common divisor of s and a?
31
Suppose -2*r + 1392 = 4*s, 2*r - 1383 = 93*s - 94*s. Calculate the highest common factor of r and 1104.
138
Let n be 2463 - 8 - 10/(-5). Calculate the greatest common factor of 9 and n.
9
Let j = 4789 + 311. What is the highest common factor of 20 and j?
20
Let w(p) = -p**3 + 10*p**2 - 16*p + 120. Let b be w(8). Let k be (b/(-32) - -2)*-44. Calculate the greatest common factor of k and 33.
11
Let f(n) = -399*n + 213. Let j(i) = 80*i - 43. Let w(p) = -5*f(p) - 24*j(p). Let v be w(3). What is the greatest common divisor of v and 18?
6
Let b(a) = -a**3 + 10*a**2 - 2*a + 18. Let j be b(9). Let i be (10/(-14) - 10/35) + j. Suppose -108 + i = -g. Calculate the highest common factor of 308 and g.
28
Suppose 148 = 11*j - 10*j - 2*q, -2*j + 2*q = -286. What is the highest common divisor of 345 and j?
69
Suppose -3*j + 5100 = i + 1251, 0 = 4*i - 5*j - 15464. What is the greatest common factor of i and 9?
9
Suppose -41 = -i - 5*s, -5*s = i - 4*i + 43. Let f be (-1340)/536 + (-29)/(-2) + 2. What is the greatest common factor of f and i?
7
Suppose 32 = 3*n - 10*l + 12*l, -52 = -5*n - 2*l. Calculate the highest common divisor of 25 and n.
5
Let u = 34045 + -32242. Calculate the greatest common factor of u and 3.
3
Suppose 4*q + 5*r - 85 = 0, 0 = 3*q - 2*r - 33 - 2. Suppose 4*f - 3*m - 990 = 0, 3*f - 32*m = -34*m + 785. What is the highest common factor of q and f?
15
Suppose -3*r - 3*s + 0*s = -5241, -5*r + 2*s = -8735. Suppose r = 14*l - 1697. Let n be 371/9 + 2/(-9). What is the highest common divisor of l and n?
41
Let q(w) = w**3 + 22*w**2 + 20*w - 16. Let k = 131 + -152. Let g be q(k). Suppose g*l + 80 = 165. What is the greatest common divisor of 136 and l?
17
Suppose -9*j - 91 = 14*j - 30*j. What is the greatest common divisor of 1170 and j?
13
Suppose 0*d = -11*d + 418. Suppose 3*j - 30 = -2*j. Calculate the highest common factor of d and j.
2
Let z(r) = 44*r + 2. Let a be z(2). Let m be ((-5)/1)/(378/28 + -14). What is the highest common divisor of a and m?
10
Let t(p) = 16*p**2 + p. Let u be t(-1). Suppose 2*v - 432 = -6*k + 2*k, 2*k - 2*v = 222. Let m = -49 + k. What is the highest common divisor of u and m?
15
Let b = 3790 - 3762. What is the greatest common factor of b and 602?
14
Suppose 13*x = -1004 + 3110. Let q = x + -108. Suppose v - 10*v = -q. What is the highest common factor of 24 and v?
6
Let c = 418 - 413. Suppose -c*j = -10, 3*o = -j + 584 - 207. Calculate the highest common divisor of 50 and o.
25
Let n(u) = -190 - 10 + 50 + 14*u. Let l be n(11). What is the highest common divisor of l and 19?
1
Suppose -33*f - 94 = -259. Suppose 2*a - 159 = f*w - 17, a + w = 85. Calculate the highest common factor of a and 405.
81
Let x(h) = 2*h**2 + 8*h + 16. Let t = 51 - 46. Suppose 0 = -t*g - 15 - 15. Let i be x(g). Calculate the greatest common divisor of 40 and i.
40
Let d be 6/33 + (16/110)/((-1)/(-480)). Calculate the greatest common divisor of 27510 and d.
70
Suppose -13 = -s - 2. Let u be (-301)/(-14) - 3/(-2). Let v(c) = -c**2 + 20*c + 80. Let r be v(u). What is the greatest common factor of r and s?
11
Let w = 27 - -13. Suppose 3*y - 57 + 21 = 0. Let d be ((-80)/y)/(-1*2/6). Calculate the greatest common factor of d and w.
20
Let d(w) = 922*w - 3041. Let a be d(11). What is the greatest common factor of a and 27?
27
Suppose -3*y + 2*c = 2230, -1286 = 3*y + c + 956. Let v = 764 + y. What is the greatest common factor of v and 18?
18
Let y = -1850 + 1978. Calculate the highest common divisor of y and 1088.
64
Let x(i) = 6*i - 12. Let y be x(5). Let n(d) = 24*d**3 + 3*d**2 - 37*d + 102. Let k be n(3). Calculate the highest common divisor of y and k.
18
Let t(u) = 3*u**2 + 6*u - 6. Let i be t(3). Suppose -s = h - i, 2*h = h - 2*s + 42. Calculate the highest common divisor of h and 18.
18
Suppose -53*m + 80732 = 2186. Calculate the greatest common divisor of 76 and m.
38
Let y = 28782 + -28701. Calculate the highest common divisor of y and 51.
3
Suppose -3*l + 45 = 3. Let p be l/(-133) + 576/57. What is the highest common factor of 30 and p?
10
Let o(q) = -2*q**2 - 59*q + 48. Let x be o(-30). Let i be (11 + -5)*(27 - -2). Suppose -2*c = -i - 222. Calculate the greatest common divisor of x and c.
18
Let a = -255 - -270. Suppose 3*o - a*o + 60 = 0. Suppose -4*w + 2 = -98. What is the greatest common factor of w and o?
5
Let c be (-6)/4 - (-3)/12*-22. Let n be 176/(-308) - (0 + 459/c). What is the greatest common divisor of n and 30?
5
Let h be ((-50)/(-9))/(215/4644). What is the greatest common divisor of 384 and h?
24
Suppose 2*i + 2*p = 16, -i - 2 = 3*p - 18. Let s = -130 + 134. Suppose -2*u = 0, 9*u = s*d + 5*u - 16. Calculate the highest common divisor of d and i.
4
Let p(g) = 6*g - 6. Let o = 12 + -21. Let b be p(o). Let x = b - -64. What is the greatest common factor of x and 10?
2
Suppose -3*d + 3927 = 3*p, -d + 4*p - 2618 = -3*d. Suppose m + 3*k - 53 = 6, 6 = -k. Calculate the greatest common divisor of d and m.
77
Let h be (22/2 - (-91924)/(-147))/(1/(-3)). Calculate the greatest common divisor of 114 and h.
19
Let u be (-1*11)/(77/(-154)). Let b(g) = g**3